 What is t(41)?
2
Let r(o) = o**3 + 26*o**2 + 63*o - 138. Give r(-23).
0
Let l(c) = 100*c + 8902. What is l(-89)?
2
Let w(j) = 2*j**3 - 25*j**2 - 11*j - 45. Give w(13).
-19
Let y(n) = 16*n + 1298. Determine y(-88).
-110
Let x(i) = -i**2 - 58*i + 904. Calculate x(-71).
-19
Let l(r) = 5*r - 68. Give l(13).
-3
Let w(a) = 369*a + 244. Determine w(0).
244
Let x(c) = -2*c**3 - 48*c**2 - 82*c + 122. Determine x(-22).
-10
Let k(g) = 4*g**3 - g**2 - 4*g + 11. Give k(2).
31
Let r(n) = n**3 + 16*n**2 - 179*n - 115. Give r(8).
-11
Let g(y) = -4*y**2 + 36*y - 19. Give g(-3).
-163
Let z(n) = 24*n**2 + 2*n + 1. Give z(1).
27
Let i(l) = -3*l**2 + 46*l - 37. Calculate i(16).
-69
Let g(p) = -69*p**2 - 209*p + 5. What is g(-3)?
11
Let z(t) = -t**3 - 42*t**2 + 132*t - 141. Calculate z(-45).
-6
Let m(g) = -19*g - 329. What is m(-8)?
-177
Let l(n) = n**3 + 25*n**2 + 48*n + 16. Determine l(-23).
-30
Let t(j) = j**2 + 17*j - 301. Calculate t(11).
7
Let s(n) = 8*n**2 - 3*n - 2. Calculate s(-1).
9
Let p(o) = o**3 + 17*o**2 - 66*o - 614. What is p(-14)?
898
Let d(o) = 226*o + 2015. Calculate d(-9).
-19
Let z(v) = 2*v**3 + 24*v**2 + 53*v. Give z(-3).
3
Let r(f) = 5*f**2 - 451*f - 2889. Determine r(-6).
-3
Let u(z) = -3*z - 9. Determine u(-8).
15
Let r(v) = 40*v**2 + 131*v + 93. Determine r(-4).
209
Let t(f) = -295*f - 15066. Calculate t(-51).
-21
Let n(r) = 8*r**3 + 22*r**2 - 22*r - 2. Give n(1).
6
Let d(m) = m**3 + 156*m**2 - 42*m - 6545. Determine d(-156).
7
Let p(r) = 5*r**2 + 42*r + 86. Determine p(-7).
37
Let w(s) = 2*s**3 + 13*s**2 - 26*s - 94. What is w(-6)?
98
Let c(l) = -136*l - 1486. What is c(-12)?
146
Let o(r) = -119*r + 3333. Determine o(30).
-237
Let b(c) = 14*c**2 + 825*c - 53. Give b(-59).
6
Let v(k) = 37*k + 3466. Calculate v(-92).
62
Let n(j) = -j**3 - 26*j**2 + 56*j - 1931. Give n(-30).
-11
Let x(m) = 298*m - 3. Give x(0).
-3
Let h(w) = -w**3 + 13*w**2 - 3*w + 12. Calculate h(13).
-27
Let y(k) = k**3 - 9*k**2 + 21*k - 18. What is y(4)?
-14
Let y(m) = m**2 - 25*m - 85. Calculate y(28).
-1
Let x(f) = -2*f**3 + 182*f**2 - 177*f - 190. Determine x(90).
80
Let f(i) = -2*i**3 + i**2 - 91*i + 300. What is f(3)?
-18
Let q(f) = f**2 + 129*f - 674. Give q(5).
-4
Let b(j) = j**3 - j**2 - 28*j - 4. Determine b(6).
8
Let n(u) = u**3 - 6*u**2 - 289*u - 1295. Determine n(-6).
7
Let w(d) = d**2 + 176*d - 10209. Determine w(46).
3
Let t(b) = -b**3 - 15*b**2 + 28*b + 118. Give t(-16).
-74
Let k(w) = w**3 - 8*w**2 - 109*w - 19. Determine k(-7).
9
Let w(u) = -u**2 + 121*u + 751. Calculate w(-6).
-11
Let b(y) = -47*y + 498. Determine b(11).
-19
Let l(p) = 2*p**3 - 3*p**2 - 18. Calculate l(-4).
-194
Let b(t) = -647*t - 11647. Determine b(-18).
-1
Let j(m) = -11*m**3 - 12*m**2 + 22*m + 3. Determine j(2).
-89
Let j(m) = -m**3 - 8*m**2 + 3*m + 36. What is j(-7)?
-34
Let z(d) = 13*d. What is z(2)?
26
Let g(a) = -a**2 - 85*a - 1252. Determine g(-19).
2
Let a(r) = 357*r + 6962. What is a(-19)?
179
Let k(b) = 2*b**2 + 17*b + 46. Determine k(-4).
10
Let f(x) = -41*x - 405. Determine f(-8).
-77
Let p(a) = -58*a + 991. Give p(17).
5
Let h(m) = -2*m**3 + 45*m**2 + 38*m - 1367. Calculate h(22).
-47
Let k(d) = -17*d + 137. What is k(8)?
1
Let b(p) = 2*p**3 + 32*p**2 + p - 26. Give b(-16).
-42
Let p(i) = -i**3 + 245*i**2 - 714*i - 2904. Calculate p(242).
0
Let m(t) = -15*t**2 + 707*t - 97. What is m(47)?
-3
Let j(g) = 5*g**2 - 18*g - 104. Give j(-4).
48
Let s(x) = -3*x + 110. What is s(37)?
-1
Let y(r) = 13*r**2 + 84*r - 174. Calculate y(2).
46
Let i(j) = j**2 + 39*j - 365. What is i(0)?
-365
Let d(s) = -20*s**2 + 842*s + 841. Calculate d(-1).
-21
Let m(w) = -210*w + 2523. Give m(12).
3
Let g(x) = 331*x + 547. Determine g(-4).
-777
Let b(j) = -5*j**3 + 77*j**2 + 585*j + 78. Determine b(21).
15
Let w(z) = -z**3 + 32*z**2 - 18*z - 398. Determine w(31).
5
Let c(l) = -6*l**2 + 44*l - 6. Calculate c(7).
8
Let r(z) = -31*z**2 - 224*z - 47. What is r(-7)?
2
Let k(c) = -89*c - 346. What is k(-4)?
10
Let b(u) = -454*u + 4098. Determine b(9).
12
Let u(y) = -195*y - 16359. Calculate u(-84).
21
Let a(c) = c**3 - 113*c**2 - 143*c + 16160. Give a(113).
1
Let z(n) = -n**3 - 16*n**2 - 69*n - 345. What is z(-13)?
45
Let u(c) = -c**3 - 13*c**2 - 190*c - 3299. Determine u(-15).
1
Let b(k) = k**2 + 77*k - 1059. Calculate b(-89).
9
Let q(p) = p**3 + 2*p**2 + 11*p - 33. What is q(2)?
5
Let r(n) = 711*n - 3602. What is r(5)?
-47
Let i(x) = 4804*x - 4799. Calculate i(1).
5
Let t(m) = -m**3 - 18*m**2 - 22*m - 37. What is t(-17)?
48
Let n(d) = -61*d**2 + 38*d + 25. Calculate n(1).
2
Let x(n) = n**3 - 12*n**2 + 33*n - 30. What is x(9)?
24
Let h(k) = -12*k - 232. Determine h(-13).
-76
Let d(z) = -z**3 - 8*z**2 + 4*z - 1. Determine d(-2).
-33
Let c(q) = q**3 - 6*q**2 + 119*q - 705. What is c(6)?
9
Let b(r) = 213*r + 9. Calculate b(-2).
-417
Let j(d) = d**3 + 20*d**2 + 69*d + 15. Determine j(-5).
45
Let v(l) = l**3 - 29*l**2 - 24*l - 80. Calculate v(30).
100
Let u(b) = -2*b**3 + b**2 - 3*b - 60. Determine u(0).
-60
Let w(g) = -g**3 + 64*g**2 - 148*g + 1497. What is w(62)?
9
Let a(j) = -j**3 - 19*j**2 + 11*j + 248. Give a(-19).
39
Let n(m) = 2*m**2 - 45*m - 419. What is n(-7)?
-6
Let v(p) = p**3 - 22*p**2 + 38*p + 79. Calculate v(19).
-282
Let h(r) = -75*r + 249. Calculate h(3).
24
Let j(a) = -2*a**2 - 50*a + 23. Calculate j(-27).
-85
Let l(r) = -r**3 - 7*r**2 + 48*r + 323. What is l(-8)?
3
Let r(d) = d**2 - 20*d - 3104. Determine r(-46).
-68
Let g(a) = -987*a**2 + 110544*a - 7. What is g(112)?
-7
Let r(v) = -v**3 - 11*v**2 + 74*v + 9. Determine r(-14).
-439
Let l(y) = 58*y + 1040. What is l(-18)?
-4
Let n(d) = -d**2 + 48*d - 564. Give n(27).
3
Let s(x) = 12*x**3 + 121*x**2 + 5*x - 24. What is s(-10)?
26
Let d(c) = -5631*c + 56316. Calculate d(10).
6
Let n(a) = -a**2 + 301*a - 3462. Give n(12).
6
Let v(w) = -w**3 - 13*w**2 - 14*w - 14. Give v(-12).
10
Let r(u) = u**3 - 163*u**2 + 3449*u + 26. Determine r(25).
1
Let o(c) = -23*c + 765. What is o(32)?
29
Let o(r) = -3*r**2 - 21*r - 13. Determine o(-3).
23
Let k(w) = w**2 + 14*w - 87. Determine k(-20).
33
Let o(p) = 329*p - 15128. Calculate o(46).
6
Let k(q) = -22*q**3 + 419*q**2 - 19*q + 17. Determine k(19).
17
Let f(r) = 1098*r - 1092. Give f(1).
6
Let b(i) = -51*i + 10. Determine b(-4).
214
Let q(n) = 7*n**2 - 24*n - 43. What is q(-2)?
33
Let o(u) = -111*u + 180. Calculate o(1).
69
Let v(m) = -4282*m - 42843. Give v(-10).
-23
Let v(t) = -2*t**2 - 66*t - 506. Give v(-10).
-46
Let c(y) = -y**3 - 27*y**2 - 38*y + 298. Give c(-25).
-2
Let r(n) = -29*n + 16. Give r(-2).
74
Let k(u) = -2*u**3 + 32*u**2 + 3*u - 43. Determine k(16).
5
Let h(w) = -2*w**2 - 120*w + 1542. Give h(11).
-20
Let w(i) = 147*i - 3667. Calculate w(25).
8
Let k(m) = -2967*m - 8902. Determine k(-3).
-1
Let i(a) = 5*a**3 - 76*a**2 - 154*a + 2. What is i(-2)?
-34
Let u(d) = 4*d**3 + 32*d**2 - 7*d - 1. What is u(-6)?
329
Let b(u) = -2*u**3 - 12*u**2 - 3*u - 36. Calculate b(-6).
-18
Let s(t) = t**3 + 10*t**2 - 4*t + 6. Determine s(-10).
46
Let a(j) = -13*j - 480. Calculate a(-28).
-116
Let v(y) = 241*y - 1160. Determine v(3).
-437
Let h(a) = 2*a**3 - 32*a**2 + 340*a - 5442. What is h(16)?
-2
Let r(n) = -2*n**2 + 123*n - 1832. Calculate r(26).
14
Let v(d) = d**3 + 4*d**2 + 8*d. Determine v(-2).
-8
Let b(h) = 3*h**2 - 43*h + 61. What is b(11)?
-49
Let w(y) = -3*y**3 - 29*y**2 + 3*y + 2. What is w(-10)?
72
Let c(a) = 2*a**3 + 7*a**2 - 45*a - 15. Determine c(4).
45
Let z(b) = -b**3 + 5*b**2 + 40*b + 149. Give z(-4).
133
Let u(t) = -2*t - 102. What is u(-48)?
-6
Let y(m) = 9*m**3 + 235*m**2 + 25*m - 63. Calculate y(-26).
-37
Let h(v) = 10*v**2 + 406*v - 162. Give h(-41).
2
Let a(o) = -2605*o**2 - 13025*o - 6. What is a(-5)?
-6
Let m(n) = -2*n**2 + 97*n - 381. Determine m(45).
-66
Let x(a) = 16250*a + 48748. Determine x(-3).
-2
Let s(h) = -h**2 - 156*h + 1770. Calculate s(11).
-67
Let d(i) = 316*i - 10688. What is d(34)?
56
Let t(z) = z**2 - 1184*z + 5876. What is t(5)?
-19
Let o(c) = -40*c + 886. What is o(22)?
6
Let o(y) = 96*y + 1430. Determine o(-15).
-10
Let g(b) = -b**2 + 29*b + 128. Determine g(34).
-42
Let v(h) = 15*h**2 + 30*h - 71. What is v(4)?
289
Let d(q) = 3*q**2 + 149*q + 583. Determine d(-4).
35
Let h(w) = -2*w**3 - 24*w**2 - 14*w - 142. What is h(-12)?
26
Let q(t) = -t**3 - 19*t**2 - 135*t - 